ed by (2/6)/(-12 - (-6489)/540)?
18
Suppose 17*o = 24 - 92. Let j(y) = -2*y**2 - 11*y + 21. Calculate the remainder when j(o) is divided by 9.
6
Let p = -2398 - -2535. Calculate the remainder when p is divided by 16.
9
Suppose 263 = 4*x - 3*s, 0*x = -x + 5*s + 53. Suppose -z + 286 = -70. Let v = 379 - z. Calculate the remainder when x is divided by v.
22
Let i = 217 + -52. What is the remainder when i is divided by 3999/155*(-20)/(-12)?
36
Let t(i) be the third derivative of i**6/40 + i**5/60 - i**4/8 + i**3/6 + 3*i**2. What is the remainder when 3 + -5 - -44 - -1 is divided by t(2)?
20
Let s be (-44)/(-3) - 16/(-48). Let d(y) = -2*y**2 + 50*y + 7. Calculate the remainder when (3/((-12)/(-4)) - -2) + s is divided by d(25).
4
Let g be (-796)/6*(25 + -22). Let z = 459 + g. Calculate the remainder when z is divided by 25.
11
Let n(o) = 7*o + 74. Let s be (-2)/(192/30 + -6). Calculate the remainder when 229 is divided by n(s).
34
What is the remainder when (-90)/(-54) - (-3180)/9 is divided by 43?
11
Suppose -41664 = -2*w + 5*w. Calculate the remainder when w/(-98) + 2/7 is divided by (-13 + 85)*(9/2 + -4).
34
Let h(y) = -516*y - 1422. What is the remainder when h(-3) is divided by 18?
0
Let y be 105 + (0 - (-2 - -1)). Let f be 71*1 + (-59 - -56). Let l = y - f. Calculate the remainder when 110 is divided by l.
34
Let i(p) = 35*p**3 + 2*p**2 + 3*p - 5. What is the remainder when 376 is divided by i(1)?
26
Let y be 0/(-13) + (5 - 2). Suppose -2*h + 6 - 14 = 0, 0 = y*b + 5*h - 19. Calculate the remainder when 40 is divided by b.
1
Let n be (-1 - -14)*(-26)/2. Let s = n - -178. What is the remainder when 43 is divided by s?
7
Let h = -4580 - -4605. Calculate the remainder when 579 is divided by h.
4
Suppose 2*l + 34 - 5 = 3*v, -3*v = 5*l - 22. Let r(i) = -i + 10. Let k be r(3). Let z = k + 16. What is the remainder when z is divided by v?
5
Let l(n) = -2*n**3 - 9*n**2 - 7*n. Let r be 1 - (-6 + (-77)/(-7)). What is the remainder when (-44)/(2/(-2)) + 1 is divided by l(r)?
9
Let y(c) = -7*c**3 + c**2 + c + 1. Let f be y(-2). Let u = -53 + f. What is the remainder when (-1)/(-3) - (-424)/u is divided by 19?
14
Let z = 200 + -124. Let c = 18 + -15. Suppose 4*n - 65 = -n + c*q, -2*n - 5*q + 26 = 0. What is the remainder when z is divided by n?
11
Let f(q) = -q**2 + 17*q - 7. Let y(n) = 2*n**3 - 6*n**2 + n + 23. What is the remainder when y(5) is divided by f(8)?
63
Suppose 46*d = -77*d + 39606. Calculate the remainder when 392 is divided by d.
70
Suppose 2*y + 0*y - 2475 = -3*l, 0 = -4*y. Suppose -4*o - 447 = -5*t - 1583, -l = -3*o - 3*t. What is the remainder when o is divided by 35?
34
Let k = -155 + 155. Let a(x) = -x + 18. What is the remainder when 52 is divided by a(k)?
16
Let y be (-12)/(-1 + 5/2). Calculate the remainder when (0 + 2)*(-67)/(-2) is divided by ((-5)/20)/(2/y) - -22.
21
Let q(b) = 80*b - 6224. What is the remainder when q(87) is divided by 159?
100
Suppose -3*v = -5*u - 459, -10*v = -7*v + u - 441. Suppose 128 + v = 6*c. What is the remainder when 133 is divided by c?
41
Suppose 127437*r - 127391*r = 2070. Suppose 3*q = -4*f - 2*q + 117, -54 = -3*f + 3*q. What is the remainder when r is divided by f?
22
Let g = 239 - 132. Let y(h) = -291*h - 45942. What is the remainder when g is divided by y(-158)?
35
Suppose 6*j = 16 + 1502. Calculate the remainder when 2664/46 + 22/j is divided by 14.
2
Suppose -4*u - 2*y + 357 = -229, -3*y = -9. Let p = u - 142. Calculate the remainder when 49 is divided by p.
1
Let h be ((-171)/6)/(22/132). Calculate the remainder when 103 - (3/4 + h/36) is divided by 38.
31
Let y = -116 - -174. Suppose 11*l - 41 = y. Calculate the remainder when l is divided by (-2)/(1*-2 - -1).
1
What is the remainder when (-1)/4 - (-23625)/756 is divided by 9?
4
Suppose -88*p - 3173 = -5*f - 89*p, f - 3*p = 625. What is the remainder when f is divided by 16?
10
Suppose -240 = -2*q + 148 + 1102. What is the remainder when q is divided by 205?
130
Let i = 112 - 34. Let z = 82341 + -82109. Calculate the remainder when z is divided by i.
76
Let d be 7 - 7/(28/24). Suppose -47 = -l + d. Calculate the remainder when 191 is divided by l.
47
Let z = -143 - -146. Suppose 4*t - 20 = -r, -42 = -z*r - 2*t + 8. What is the remainder when 45 is divided by r?
13
Let n(p) = -p**3 + 16*p**2 - 19*p + 21. What is the remainder when n(8) is divided by 186?
9
Suppose 31*l - 283*l - 3214 = -9514. What is the remainder when 1771 is divided by l?
21
Suppose 804*l - 323312 = 760*l. What is the remainder when l is divided by 25?
23
Suppose 3*c = -4*z + 817, -130*z - 4*c - 1060 = -135*z. Calculate the remainder when z is divided by 6.
4
Suppose 2048 = -6*w + 7442. Let r = w + -717. What is the remainder when r is divided by 17?
12
Calculate the remainder when 1031 - (-8)/32*-72 is divided by 46.
1
Let u = 21665 - 21660. Calculate the remainder when 2109 is divided by u.
4
Suppose 0*b = -5*b + 40. Suppose -5 + 13 = b*f. What is the remainder when f is divided by 1?
0
Calculate the remainder when 433 is divided by -62 - -142 - (0 - 3).
18
Let s be 4*9/(-36)*75. Suppose -4*r + 5*o = -17, 0 = -5*r + o + 10 + 6. What is the remainder when 94 is divided by (s/12)/(r/(-12))?
19
Suppose -16*t + 18*t - 2*m - 800 = 0, -4 = -4*m. What is the remainder when t is divided by 94?
25
Calculate the remainder when 1098 is divided by ((-23998)/(-71) + 12*-1)/2.
120
Let q be 15/(-6)*32/(-5). Let p = q + -5. Let u(h) = h**3 + 13*h**2 + 10*h + 18. Calculate the remainder when u(-12) is divided by p.
9
Suppose 54 = -639*j + 642*j. What is the remainder when 6263 is divided by j?
17
Suppose -z + 0 = -8. Let o(r) = r**3 + 36*r**2 + 15*r + 577. Calculate the remainder when o(-36) is divided by z.
5
Suppose -124*p - 146*p + 1080 = 0. What is the remainder when 805 is divided by p?
1
What is the remainder when 754 is divided by (-20)/(-70) - (2020/(-35) - -7)?
40
Suppose -28 = 5*x - 3*v, -5*v = 7*x - 6*x + 28. Let t(s) = -s**3 - 7*s**2 + 4*s + 4. Calculate the remainder when 104 is divided by t(x).
32
Suppose 3*g + g = -3*p, 4*g - 5*p = 32. Let x = 1327 + -1318. Suppose -21 = -g*z + x. What is the remainder when 37 is divided by z?
7
Suppose -16*o - 13*o + 2726 = 0. Calculate the remainder when 115 is divided by o.
21
Let d(j) = j**2 + 14*j + 15. Let l be d(-13). Suppose 0*o + 30 = l*o. Suppose 32*q = 3477 - 2645. Calculate the remainder when q is divided by o.
11
Let r be ((-1)/(3/(-4)))/(5/60). Let z be 4/(r/140) + (1 - 1). Suppose 2*v + z = 7*v. Calculate the remainder when 9 is divided by v.
2
Let p(z) = -356*z + 2143. Calculate the remainder when 348 is divided by p(6).
5
Let q(g) = -3*g**2 - 79*g + 1058. Suppose 4*k = -k + 720. Suppose 0*b = 4*b + 4*u - k, 0 = 3*u. What is the remainder when b is divided by q(-36)?
8
Let f = 198 - 220. What is the remainder when -15*f/(-4)*-2 is divided by 42?
39
Calculate the remainder when 1228*((-17 - -22) + (-18)/4) is divided by 43.
12
Let d(f) = f**3 + 10*f**2 - 24*f - 44. Suppose -3*s - 5 + 96 = 5*b, 3*b - s - 63 = 0. What is the remainder when d(-11) is divided by b?
19
Let j be 5 + -3 + 2 + -2. Suppose -j*n - h + 10 = h, h - 5 = -3*n. Suppose n = 3*a - 51 - 0. What is the remainder when 66 is divided by a?
15
Let j = -4573 - -4703. What is the remainder when 2983 is divided by j?
123
Suppose 1648*r = -j + 1652*r + 1155, 3*j - 3529 = -4*r. What is the remainder when j is divided by 18?
1
Let b(w) be the second derivative of -w**5/20 + 20*w**3/3 - w**2/2 - 2*w - 2. What is the remainder when b(-7) is divided by 16?
14
Suppose -246 = -11*k + 84. Suppose j = -9*j - k. Calculate the remainder when 174 is divided by ((-132)/(-110))/(j/(-110)).
42
Suppose -6*r + 3*r + 21 = 0. Calculate the remainder when (-174)/(-24) + -7 - 2/((-48)/9162) is divided by r.
4
Suppose 0 = 3*k - 2*z - 45, -4*z = -3*k + 61 - 16. Suppose -5*u = -10*u + k. Calculate the remainder when u*(-3)/9*-11 is divided by 4.
3
Suppose 133 = y - 71. Suppose 2*j + y = 5*j. Suppose -t - 10 = -j. What is the remainder when t is divided by 12?
10
Let c(k) = -56*k - 207. Suppose 8 = 5*v - 127. What is the remainder when c(-8) is divided by v?
25
Let q(m) = 51*m - 109. Suppose 4*c - 12 = -8*k + 10*k, 10 = 2*c + k. What is the remainder when q(c) is divided by 32?
31
Let t be